{"id":2850,"date":"2022-12-19T19:56:42","date_gmt":"2022-12-19T18:56:42","guid":{"rendered":"https:\/\/rcai.de\/?page_id=2850"},"modified":"2023-02-25T19:09:46","modified_gmt":"2023-02-25T18:09:46","slug":"ist","status":"publish","type":"page","link":"https:\/\/rcai.de\/en\/labs\/ist\/","title":{"rendered":"Institute for Social Research and Technology Assessment"},"content":{"rendered":"<div class=\"wp-block-group alignwide has-global-padding is-layout-constrained wp-block-group-is-layout-constrained\">\n<div class=\"wp-block-columns alignwide is-layout-flex wp-container-core-columns-is-layout-d0b3c9c8 wp-block-columns-is-layout-flex\">\n<div class=\"wp-block-column is-layout-flow wp-block-column-is-layout-flow\">\n<figure class=\"wp-block-image aligncenter size-large is-resized is-style-rounded\"><img loading=\"lazy\" decoding=\"async\" src=\"http:\/\/rcai.de\/wp-content\/uploads\/sites\/2\/2022\/12\/Sonja-Haug-Foto-von-Christl-Metzenrath_sq-1024x1024.jpg\" alt=\"\" class=\"wp-image-2919\" width=\"200\" height=\"200\"\/><\/figure>\n\n\n\n<h2 class=\"has-text-align-center has-dm-sans-font-family has-medium-font-size wp-block-heading\" style=\"line-height:1.6\">Prof. Dr. Sonja Haug<br>Leiterin des Labors f\u00fcr empirische Sozialforschung<\/h2>\n<\/div>\n\n\n\n<div class=\"wp-block-column is-layout-flow wp-block-column-is-layout-flow\">\n<figure class=\"wp-block-image aligncenter size-full is-resized is-style-rounded\"><img loading=\"lazy\" decoding=\"async\" src=\"https:\/\/rcai.de\/wp-content\/uploads\/2022\/12\/PM_68_KI-Professur_Weber_OTH-Regensburg-683x1024_sq.jpg\" alt=\"\" class=\"wp-image-2927\" width=\"200\" height=\"200\" srcset=\"https:\/\/rcai.de\/wp-content\/uploads\/2022\/12\/PM_68_KI-Professur_Weber_OTH-Regensburg-683x1024_sq.jpg 683w, https:\/\/rcai.de\/wp-content\/uploads\/2022\/12\/PM_68_KI-Professur_Weber_OTH-Regensburg-683x1024_sq-300x300.jpg 300w, https:\/\/rcai.de\/wp-content\/uploads\/2022\/12\/PM_68_KI-Professur_Weber_OTH-Regensburg-683x1024_sq-150x150.jpg 150w, https:\/\/rcai.de\/wp-content\/uploads\/2022\/12\/PM_68_KI-Professur_Weber_OTH-Regensburg-683x1024_sq-375x375.jpg 375w\" sizes=\"auto, (max-width: 200px) 100vw, 200px\" \/><\/figure>\n\n\n\n<h2 class=\"has-text-align-center has-dm-sans-font-family has-medium-font-size wp-block-heading\" style=\"line-height:1.6\">Prof. Dr. Karsten Weber<br>Leiter des Labors f\u00fcr Technikfolgenabsch\u00e4tzung <br>und angewandte Ethik<\/h2>\n<\/div>\n\n\n\n<div class=\"wp-block-column is-layout-flow wp-block-column-is-layout-flow\">\n<figure class=\"wp-block-image aligncenter size-full is-resized is-style-rounded\"><img loading=\"lazy\" decoding=\"async\" src=\"https:\/\/rcai.de\/wp-content\/uploads\/2022\/12\/Caroline_Dotter_sq.jpg\" alt=\"\" class=\"wp-image-2909\" width=\"200\" height=\"200\" srcset=\"https:\/\/rcai.de\/wp-content\/uploads\/2022\/12\/Caroline_Dotter_sq.jpg 1023w, https:\/\/rcai.de\/wp-content\/uploads\/2022\/12\/Caroline_Dotter_sq-300x300.jpg 300w, https:\/\/rcai.de\/wp-content\/uploads\/2022\/12\/Caroline_Dotter_sq-150x150.jpg 150w, https:\/\/rcai.de\/wp-content\/uploads\/2022\/12\/Caroline_Dotter_sq-768x768.jpg 768w, https:\/\/rcai.de\/wp-content\/uploads\/2022\/12\/Caroline_Dotter_sq-375x375.jpg 375w\" sizes=\"auto, (max-width: 200px) 100vw, 200px\" \/><\/figure>\n\n\n\n<h2 class=\"has-text-align-center has-dm-sans-font-family has-medium-font-size wp-block-heading\" style=\"line-height:1.6\">Dr. Caroline Dotter<br>Post-Doc im Labor f\u00fcr empirische Sozialforschung<\/h2>\n<\/div>\n<\/div>\n\n\n\n<div style=\"height:1px\" aria-hidden=\"true\" class=\"wp-block-spacer\"><\/div>\n\n\n\n<div class=\"wp-block-columns alignwide tw-cols-stack-md is-layout-flex wp-container-core-columns-is-layout-ae7a5936 wp-block-columns-is-layout-flex\" style=\"padding-top:0;padding-right:0;padding-bottom:0;padding-left:0\">\n<div class=\"wp-block-column is-layout-flow wp-block-column-is-layout-flow\" style=\"--col-width:55%;flex-basis:55%\">\n<h2 class=\"alignwide has-dm-sans-font-family wp-block-heading\" style=\"font-size:clamp(1.25em, 1.25rem + ((1vw - 0.2em) * 1.364), 2em);\">Institute for Social Research and Technology Assessment<\/h2>\n\n\n\n<div style=\"height:30px\" aria-hidden=\"true\" class=\"wp-block-spacer\"><\/div>\n\n\n\n<p class=\"has-dm-sans-font-family\">Das Labor Empirische Sozialforschung bildet gemeinsam mit dem Labor Technikfolgenabsch\u00e4tzung und Angewandte Ethik das Institut f\u00fcr Sozialforschung und Technikfolgenabsch\u00e4tzung (IST). Die Forschungsarbeiten des Instituts umfassen ein inhaltlich breites Themenspektrum und beziehen sich auf unterschiedliche Zielgruppen. Die Arbeitsweise ist interdisziplin\u00e4r.<\/p>\n\n\n\n<h3 class=\"has-dm-sans-font-family has-large-font-size wp-block-heading\" style=\"margin-top:30px\">Labor f\u00fcr empirische Sozialforschung<\/h3>\n\n\n\n<p class=\"has-dm-sans-font-family\">Das Labor Empirische Sozialforschung f\u00fchrt sozialwissenschaftliche Umfrageforschung, Evaluationen und Monitoring in verschiedenen Arbeitsfeldern (u.a. Migrationsforschung) und mit verschiedenen Zielgruppen (z.B. Bev\u00f6lkerungsbefragungen, Befragung von Migrierenden, Studierenden, Mitarbeitenden, Klientinnen, Klienten, Kundinnen und Kunden) durch.<\/p>\n\n\n\n<p class=\"has-dm-sans-font-family\">Im Rahmen des RCAI werden soziale Aspekte der K\u00fcnstlichen Intelligenz mit Methoden der empirischen Sozialforschung untersucht. Betrachtet wird hierbei der soziale Wandel in unterschiedlichen Gesellschaftsbereichen, darunter insbesondere Digitalisierung im Gesundheitsbereich, im Energiesektor und der energetischen Geb\u00e4udesanierung. Der Fokus liegt dabei auf ELSA- oder ELSI-Begleitforschung (ethische, soziale und rechtliche Aspekte bzw. Implikationen) und volkswirtschaftlichen Aspekten.<\/p>\n\n\n\n<h3 class=\"has-dm-sans-font-family has-large-font-size wp-block-heading\" style=\"margin-top:30px\">Labor f\u00fcr Technikfolgenabsch\u00e4tzung und angewandte Ethik<\/h3>\n\n\n\n<p class=\"has-dm-sans-font-family\">Das Labor f\u00fcr Technikfolgenabsch\u00e4tzung und angewandte Ethik besch\u00e4ftigt sich mit Innovations- und Technikfolgenforschung, ELSA-Forschung (Ethical, Legal, and Social Aspects), Akzeptanzfragen und ethischer Begleitforschung schwerpunktm\u00e4\u00dfig in den Bereichen Informations- und Kommunikationstechnik, Gesundheit und Energietechnik.<\/p>\n<\/div>\n\n\n\n<div class=\"wp-block-column is-vertically-aligned-top has-dm-sans-font-family is-layout-flow wp-block-column-is-layout-flow\">\n<div style=\"height:84px\" aria-hidden=\"true\" class=\"wp-block-spacer\"><\/div>\n\n\n\n<h3 class=\"has-large-font-size wp-block-heading\" style=\"margin-top:30px\">Fields of interest<\/h3>\n\n\n\n<p>ELSI bzw. ELSA<br>Interviews<br>Nutzer- und Usability-Studien<br>Technikfolgenabsch\u00e4tzung<br>in allen Anwendungsbereichen<\/p>\n\n\n\n<h3 class=\"has-large-font-size wp-block-heading\" style=\"margin-top:30px\">Contact<\/h3>\n\n\n\n<p class=\"has-dm-sans-font-family\">Prof. Dr. Karsten Weber:<br>+49 (0) 941 943-9222<br><a href=\"\/en\/&\/#109;&#x61;&#x69;&#108;&#x74;&#x6f;:&#x6b;&#x61;r&#115;&#x74;e&#110;&#x2e;w&#101;&#x62;e&#114;&#x40;o&#116;&#x68;&#x2d;&#114;&#x65;&#x67;&#101;&#x6e;&#x73;b&#x75;&#x72;g&#46;&#x64;e\">k&#97;&#114;&#x73;&#x74;e&#110;&#46;&#x77;&#x65;&#x62;e&#114;&#64;&#x6f;&#x74;h-&#114;&#x65;&#x67;&#x65;n&#115;&#98;&#x75;&#x72;g&#46;&#100;&#x65;<\/a><\/p>\n\n\n\n<p class=\"has-dm-sans-font-family\">Prof. Dr. Sonja Haug:<br>+49 (0) 941 943-1092<br><a href=\"\/en\/&\/#x6d;&#x61;&#x69;&#x6c;&#x74;&#111;&#58;&#115;&#111;nja&#x2e;&#x68;&#x61;&#x75;&#x67;&#x40;&#111;&#116;&#104;-re&#x67;&#x65;&#x6e;&#x73;&#x62;&#x75;&#114;&#103;&#46;&#100;e\">&#115;&#x6f;&#110;&#x6a;a&#x2e;h&#97;&#x75;&#103;&#x40;&#111;&#x74;h&#x2d;r&#101;&#x67;&#101;&#x6e;s&#x62;u&#x72;&#x67;&#46;&#x64;&#101;<\/a><\/p>\n\n\n\n<p class=\"has-dm-sans-font-family\">Dr. Caroline Dotter:<br>+49 (0) 941 943-9216<br><a href=\"\/en\/&\/#109;&#x61;i&#108;&#x74;&#111;&#x3a;c&#97;&#x72;o&#x6c;&#x69;&#110;&#x65;1&#46;&#x64;o&#x74;&#x74;&#101;&#x72;&#64;&#111;&#x74;&#104;&#x2d;r&#101;&#x67;e&#110;&#x73;&#98;&#x75;r&#103;&#x2e;d&#x65;\">&#x63;&#x61;&#x72;&#x6f;&#x6c;&#x69;&#x6e;&#x65;&#x31;&#x2e;&#x64;&#x6f;&#x74;&#x74;&#x65;&#x72;&#x40;&#x6f;&#x74;&#x68;&#x2d;&#x72;&#101;&#103;&#101;&#110;&#115;&#98;&#117;&#114;&#103;&#46;&#100;&#101;<\/a><\/p>\n\n\n\n<p class=\"has-dm-sans-font-family\"><a href=\"https:\/\/sozial-gesundheitswissenschaften.oth-regensburg.de\/forschung\/ist-institut-fuer-technikfolgenabschaetzung\">Website<\/a><\/p>\n\n\n\n<ul class=\"wp-block-social-links has-small-icon-size has-icon-color is-style-logos-only tw-hover-opacity is-layout-flex wp-container-core-social-links-is-layout-53286a0f wp-block-social-links-is-layout-flex\"><li style=\"color:var(--wp--preset--color--contrast);\" class=\"wp-social-link wp-social-link-linkedin has-contrast-color wp-block-social-link\"><a href=\"https:\/\/de.linkedin.com\/in\/caroline-dotter-8877bba\" class=\"wp-block-social-link-anchor\"><svg width=\"24\" height=\"24\" viewbox=\"0 0 24 24\" version=\"1.1\" xmlns=\"http:\/\/www.w3.org\/2000\/svg\" aria-hidden=\"true\" focusable=\"false\"><path d=\"M19.7,3H4.3C3.582,3,3,3.582,3,4.3v15.4C3,20.418,3.582,21,4.3,21h15.4c0.718,0,1.3-0.582,1.3-1.3V4.3 C21,3.582,20.418,3,19.7,3z M8.339,18.338H5.667v-8.59h2.672V18.338z M7.004,8.574c-0.857,0-1.549-0.694-1.549-1.548 c0-0.855,0.691-1.548,1.549-1.548c0.854,0,1.547,0.694,1.547,1.548C8.551,7.881,7.858,8.574,7.004,8.574z M18.339,18.338h-2.669 v-4.177c0-0.996-0.017-2.278-1.387-2.278c-1.389,0-1.601,1.086-1.601,2.206v4.249h-2.667v-8.59h2.559v1.174h0.037 c0.356-0.675,1.227-1.387,2.526-1.387c2.703,0,3.203,1.779,3.203,4.092V18.338z\"><\/path><\/svg><span class=\"wp-block-social-link-label screen-reader-text\">LinkedIn<\/span><\/a><\/li><\/ul>\n<\/div>\n<\/div>\n<\/div>","protected":false},"excerpt":{"rendered":"<p>Prof. Dr. Sonja HaugLeiterin des Labors f\u00fcr empirische Sozialforschung Prof. Dr. Karsten WeberLeiter des Labors f\u00fcr Technikfolgenabsch\u00e4tzung und angewandte Ethik Dr. Caroline DotterPost-Doc im Labor f\u00fcr empirische Sozialforschung Institut f\u00fcr Sozialforschung und Technikfolgenabsch\u00e4tzung Das Labor Empirische Sozialforschung bildet gemeinsam mit dem Labor Technikfolgenabsch\u00e4tzung und Angewandte Ethik das Institut f\u00fcr Sozialforschung und Technikfolgenabsch\u00e4tzung (IST). Die Forschungsarbeiten [&hellip;]<\/p>\n","protected":false},"author":8,"featured_media":0,"parent":2811,"menu_order":0,"comment_status":"closed","ping_status":"closed","template":"","meta":{"cybocfi_hide_featured_image":"","footnotes":""},"categories":[],"tags":[],"class_list":["post-2850","page","type-page","status-publish","hentry"],"_links":{"self":[{"href":"https:\/\/rcai.de\/en\/wp-json\/wp\/v2\/pages\/2850","targetHints":{"allow":["GET"]}}],"collection":[{"href":"https:\/\/rcai.de\/en\/wp-json\/wp\/v2\/pages"}],"about":[{"href":"https:\/\/rcai.de\/en\/wp-json\/wp\/v2\/types\/page"}],"author":[{"embeddable":true,"href":"https:\/\/rcai.de\/en\/wp-json\/wp\/v2\/users\/8"}],"replies":[{"embeddable":true,"href":"https:\/\/rcai.de\/en\/wp-json\/wp\/v2\/comments?post=2850"}],"version-history":[{"count":3,"href":"https:\/\/rcai.de\/en\/wp-json\/wp\/v2\/pages\/2850\/revisions"}],"predecessor-version":[{"id":4432,"href":"https:\/\/rcai.de\/en\/wp-json\/wp\/v2\/pages\/2850\/revisions\/4432"}],"up":[{"embeddable":true,"href":"https:\/\/rcai.de\/en\/wp-json\/wp\/v2\/pages\/2811"}],"wp:attachment":[{"href":"https:\/\/rcai.de\/en\/wp-json\/wp\/v2\/media?parent=2850"}],"wp:term":[{"taxonomy":"category","embeddable":true,"href":"https:\/\/rcai.de\/en\/wp-json\/wp\/v2\/categories?post=2850"},{"taxonomy":"post_tag","embeddable":true,"href":"https:\/\/rcai.de\/en\/wp-json\/wp\/v2\/tags?post=2850"}],"curies":[{"name":"wp","href":"https:\/\/api.w.org\/{rel}","templated":true}]}}

<div class="wp-block-group alignwide has-global-padding is-layout-constrained wp-block-group-is-layout-constrained">
<div class="wp-block-columns alignwide is-layout-flex wp-container-core-columns-is-layout-d0b3c9c8 wp-block-columns-is-layout-flex">
<div class="wp-block-column is-layout-flow wp-block-column-is-layout-flow">
<figure class="wp-block-image aligncenter size-large is-resized is-style-rounded"><img loading="lazy" decoding="async" src="http://rcai.de/wp-content/uploads/sites/2/2022/12/Sonja-Haug-Foto-von-Christl-Metzenrath_sq-1024x1024.jpg" alt="" class="wp-image-2919" width="200" height="200"/></figure>



<h2 class="has-text-align-center has-dm-sans-font-family has-medium-font-size wp-block-heading" style="line-height:1.6">Prof. Dr. Sonja Haug<br>Leiterin des Labors für empirische Sozialforschung</h2>
</div>



<div class="wp-block-column is-layout-flow wp-block-column-is-layout-flow">
<figure class="wp-block-image aligncenter size-full is-resized is-style-rounded"><img loading="lazy" decoding="async" src="https://rcai.de/wp-content/uploads/2022/12/PM_68_KI-Professur_Weber_OTH-Regensburg-683x1024_sq.jpg" alt="" class="wp-image-2927" width="200" height="200" srcset="https://rcai.de/wp-content/uploads/2022/12/PM_68_KI-Professur_Weber_OTH-Regensburg-683x1024_sq.jpg 683w, https://rcai.de/wp-content/uploads/2022/12/PM_68_KI-Professur_Weber_OTH-Regensburg-683x1024_sq-300x300.jpg 300w, https://rcai.de/wp-content/uploads/2022/12/PM_68_KI-Professur_Weber_OTH-Regensburg-683x1024_sq-150x150.jpg 150w, https://rcai.de/wp-content/uploads/2022/12/PM_68_KI-Professur_Weber_OTH-Regensburg-683x1024_sq-375x375.jpg 375w" sizes="auto, (max-width: 200px) 100vw, 200px" /></figure>



<h2 class="has-text-align-center has-dm-sans-font-family has-medium-font-size wp-block-heading" style="line-height:1.6">Prof. Dr. Karsten Weber<br>Leiter des Labors für Technikfolgenabschätzung <br>und angewandte Ethik</h2>
</div>



<div class="wp-block-column is-layout-flow wp-block-column-is-layout-flow">
<figure class="wp-block-image aligncenter size-full is-resized is-style-rounded"><img loading="lazy" decoding="async" src="https://rcai.de/wp-content/uploads/2022/12/Caroline_Dotter_sq.jpg" alt="" class="wp-image-2909" width="200" height="200" srcset="https://rcai.de/wp-content/uploads/2022/12/Caroline_Dotter_sq.jpg 1023w, https://rcai.de/wp-content/uploads/2022/12/Caroline_Dotter_sq-300x300.jpg 300w, https://rcai.de/wp-content/uploads/2022/12/Caroline_Dotter_sq-150x150.jpg 150w, https://rcai.de/wp-content/uploads/2022/12/Caroline_Dotter_sq-768x768.jpg 768w, https://rcai.de/wp-content/uploads/2022/12/Caroline_Dotter_sq-375x375.jpg 375w" sizes="auto, (max-width: 200px) 100vw, 200px" /></figure>



<h2 class="has-text-align-center has-dm-sans-font-family has-medium-font-size wp-block-heading" style="line-height:1.6">Dr. Caroline Dotter<br>Post-Doc im Labor für empirische Sozialforschung</h2>
</div>
</div>



<div style="height:1px" aria-hidden="true" class="wp-block-spacer"></div>



<div class="wp-block-columns alignwide tw-cols-stack-md is-layout-flex wp-container-core-columns-is-layout-ae7a5936 wp-block-columns-is-layout-flex" style="padding-top:0;padding-right:0;padding-bottom:0;padding-left:0">
<div class="wp-block-column is-layout-flow wp-block-column-is-layout-flow" style="--col-width:55%;flex-basis:55%">
<h2 class="alignwide has-dm-sans-font-family wp-block-heading" style="font-size:clamp(1.25em, 1.25rem + ((1vw - 0.2em) * 1.364), 2em);">Institute for Social Research and Technology Assessment</h2>



<div style="height:30px" aria-hidden="true" class="wp-block-spacer"></div>



<p class="has-dm-sans-font-family">Das Labor Empirische Sozialforschung bildet gemeinsam mit dem Labor Technikfolgenabschätzung und Angewandte Ethik das Institut für Sozialforschung und Technikfolgenabschätzung (IST). Die Forschungsarbeiten des Instituts umfassen ein inhaltlich breites Themenspektrum und beziehen sich auf unterschiedliche Zielgruppen. Die Arbeitsweise ist interdisziplinär.</p>



<h3 class="has-dm-sans-font-family has-large-font-size wp-block-heading" style="margin-top:30px">Labor für empirische Sozialforschung</h3>



<p class="has-dm-sans-font-family">Das Labor Empirische Sozialforschung führt sozialwissenschaftliche Umfrageforschung, Evaluationen und Monitoring in verschiedenen Arbeitsfeldern (u.a. Migrationsforschung) und mit verschiedenen Zielgruppen (z.B. Bevölkerungsbefragungen, Befragung von Migrierenden, Studierenden, Mitarbeitenden, Klientinnen, Klienten, Kundinnen und Kunden) durch.</p>



<p class="has-dm-sans-font-family">Im Rahmen des RCAI werden soziale Aspekte der Künstlichen Intelligenz mit Methoden der empirischen Sozialforschung untersucht. Betrachtet wird hierbei der soziale Wandel in unterschiedlichen Gesellschaftsbereichen, darunter insbesondere Digitalisierung im Gesundheitsbereich, im Energiesektor und der energetischen Gebäudesanierung. Der Fokus liegt dabei auf ELSA- oder ELSI-Begleitforschung (ethische, soziale und rechtliche Aspekte bzw. Implikationen) und volkswirtschaftlichen Aspekten.</p>



<h3 class="has-dm-sans-font-family has-large-font-size wp-block-heading" style="margin-top:30px">Labor für Technikfolgenabschätzung und angewandte Ethik</h3>



<p class="has-dm-sans-font-family">Das Labor für Technikfolgenabschätzung und angewandte Ethik beschäftigt sich mit Innovations- und Technikfolgenforschung, ELSA-Forschung (Ethical, Legal, and Social Aspects), Akzeptanzfragen und ethischer Begleitforschung schwerpunktmäßig in den Bereichen Informations- und Kommunikationstechnik, Gesundheit und Energietechnik.</p>
</div>



<div class="wp-block-column is-vertically-aligned-top has-dm-sans-font-family is-layout-flow wp-block-column-is-layout-flow">
<div style="height:84px" aria-hidden="true" class="wp-block-spacer"></div>



<h3 class="has-large-font-size wp-block-heading" style="margin-top:30px">Fields of interest</h3>



<p>ELSI bzw. ELSA<br>Interviews<br>Nutzer- und Usability-Studien<br>Technikfolgenabschätzung<br>in allen Anwendungsbereichen</p>



<h3 class="has-large-font-size wp-block-heading" style="margin-top:30px">Contact</h3>



<p class="has-dm-sans-font-family">Prof. Dr. Karsten Weber:<br>+49 (0) 941 943-9222<br><a href="/en/&/#109;&#x61;&#x69;&#108;&#x74;&#x6f;:&#x6b;&#x61;r&#115;&#x74;e&#110;&#x2e;w&#101;&#x62;e&#114;&#x40;o&#116;&#x68;&#x2d;&#114;&#x65;&#x67;&#101;&#x6e;&#x73;b&#x75;&#x72;g&#46;&#x64;e">k&#97;&#114;&#x73;&#x74;e&#110;&#46;&#x77;&#x65;&#x62;e&#114;&#64;&#x6f;&#x74;h-&#114;&#x65;&#x67;&#x65;n&#115;&#98;&#x75;&#x72;g&#46;&#100;&#x65;</a></p>



<p class="has-dm-sans-font-family">Prof. Dr. Sonja Haug:<br>+49 (0) 941 943-1092<br><a href="/en/&/#x6d;&#x61;&#x69;&#x6c;&#x74;&#111;&#58;&#115;&#111;nja&#x2e;&#x68;&#x61;&#x75;&#x67;&#x40;&#111;&#116;&#104;-re&#x67;&#x65;&#x6e;&#x73;&#x62;&#x75;&#114;&#103;&#46;&#100;e">&#115;&#x6f;&#110;&#x6a;a&#x2e;h&#97;&#x75;&#103;&#x40;&#111;&#x74;h&#x2d;r&#101;&#x67;&#101;&#x6e;s&#x62;u&#x72;&#x67;&#46;&#x64;&#101;</a></p>



<p class="has-dm-sans-font-family">Dr. Caroline Dotter:<br>+49 (0) 941 943-9216<br><a href="/en/&/#109;&#x61;i&#108;&#x74;&#111;&#x3a;c&#97;&#x72;o&#x6c;&#x69;&#110;&#x65;1&#46;&#x64;o&#x74;&#x74;&#101;&#x72;&#64;&#111;&#x74;&#104;&#x2d;r&#101;&#x67;e&#110;&#x73;&#98;&#x75;r&#103;&#x2e;d&#x65;">&#x63;&#x61;&#x72;&#x6f;&#x6c;&#x69;&#x6e;&#x65;&#x31;&#x2e;&#x64;&#x6f;&#x74;&#x74;&#x65;&#x72;&#x40;&#x6f;&#x74;&#x68;&#x2d;&#x72;&#101;&#103;&#101;&#110;&#115;&#98;&#117;&#114;&#103;&#46;&#100;&#101;</a></p>



<p class="has-dm-sans-font-family"><a href="https://sozial-gesundheitswissenschaften.oth-regensburg.de/forschung/ist-institut-fuer-technikfolgenabschaetzung">Website</a></p>



<ul class="wp-block-social-links has-small-icon-size has-icon-color is-style-logos-only tw-hover-opacity is-layout-flex wp-container-core-social-links-is-layout-53286a0f wp-block-social-links-is-layout-flex"><li style="color:var(--wp--preset--color--contrast);" class="wp-social-link wp-social-link-linkedin has-contrast-color wp-block-social-link"><a href="https://de.linkedin.com/in/caroline-dotter-8877bba" class="wp-block-social-link-anchor"><svg width="24" height="24" viewbox="0 0 24 24" version="1.1" xmlns="http://www.w3.org/2000/svg" aria-hidden="true" focusable="false"><path d="M19.7,3H4.3C3.582,3,3,3.582,3,4.3v15.4C3,20.418,3.582,21,4.3,21h15.4c0.718,0,1.3-0.582,1.3-1.3V4.3 C21,3.582,20.418,3,19.7,3z M8.339,18.338H5.667v-8.59h2.672V18.338z M7.004,8.574c-0.857,0-1.549-0.694-1.549-1.548 c0-0.855,0.691-1.548,1.549-1.548c0.854,0,1.547,0.694,1.547,1.548C8.551,7.881,7.858,8.574,7.004,8.574z M18.339,18.338h-2.669 v-4.177c0-0.996-0.017-2.278-1.387-2.278c-1.389,0-1.601,1.086-1.601,2.206v4.249h-2.667v-8.59h2.559v1.174h0.037 c0.356-0.675,1.227-1.387,2.526-1.387c2.703,0,3.203,1.779,3.203,4.092V18.338z"></path></svg><span class="wp-block-social-link-label screen-reader-text">LinkedIn</span></a></li></ul>
</div>
</div>
</div>

<p>Prof. Dr. Sonja HaugLeiterin des Labors für empirische Sozialforschung Prof. Dr. Karsten WeberLeiter des Labors für Technikfolgenabschätzung und angewandte Ethik Dr. Caroline DotterPost-Doc im Labor für empirische Sozialforschung Institut für Sozialforschung und Technikfolgenabschätzung Das Labor Empirische Sozialforschung bildet gemeinsam mit dem Labor Technikfolgenabschätzung und Angewandte Ethik das Institut für Sozialforschung und Technikfolgenabschätzung (IST). Die Forschungsarbeiten [&hellip;]</p>
